-4*c + 156. Let m be l(38). Suppose 4*r = -20, r - 3*r = -m*j + 7118. Is j a composite number?
False
Let x = -385 + 398. Is 2*2 - (-9976 + x + -12) prime?
False
Suppose 18*f - 72 = 9*f. Is (-66)/f - -8 - (-34653)/4 prime?
True
Let m = 540 - 285. Suppose -6*b + m = -27. Suppose 125 = 2*d + b. Is d prime?
False
Is (-2)/(14/(-3)) - (2 - 373388/14) composite?
False
Suppose -d = 4, 5*r + 7*d + 3140 = 2*d. Let l be (r/(-30))/((-4)/(-10)). Suppose -l = 6*j - 250. Is j a composite number?
True
Let d = -12370 + 23201. Is d composite?
False
Is (2133*358)/6 + (-10 - -12) composite?
False
Suppose -2*z - 3*l + 6 = 0, 23*l - 18*l + 12 = 4*z. Suppose -3*t + 0*t = c - 482, -z*t = -3*c + 1434. Is c composite?
False
Let w(i) = 16*i**2 - 25*i + 593. Is w(-36) prime?
True
Let o(q) = -q**2 - 5*q + 46. Let v be o(5). Is -5 + 26814/12 + (-6)/v composite?
True
Suppose 666*y - 664*y - 115979 = r, -5*y + 289952 = -r. Is y a prime number?
True
Let z(v) = 6*v**2 - 11*v**2 + v**3 - 3*v**2 + 3 + 0*v**2. Let u be z(8). Suppose 5*s + u*t - 753 = t, -5*s + 2*t = -737. Is s composite?
False
Suppose -2*p = 5*m - 16073, 0 = 2*m + 12*p - 11*p - 6430. Let a = m + 1424. Is a a prime number?
True
Suppose -10*n + 119 = -151. Is (n/(-12))/((-4)/1456) - -2 a composite number?
False
Suppose -9603 = -2*s - 5*w + 6*w, -4*w = 4*s - 19176. Suppose s = 4*k - 3*o, -o - 4801 = -4*k + 4*o. Is k prime?
False
Let v(w) = 6669*w - 166. Is v(3) prime?
True
Is -43 + 271833 + 1*(0 - -9) composite?
True
Let k be 1*2 + -5246 + -7 + -5. Let t = -2113 - k. Is t a prime number?
False
Is 10/(-80) - 123/(-48)*2 - -199098 composite?
False
Let b = 94 + -101. Let p(f) = -367*f - 66. Is p(b) a composite number?
False
Let u(w) = -266*w**3 - 12*w**2 + 200*w - 31. Is u(-14) prime?
True
Let k(t) = -t + 34. Let w be k(14). Suppose 3*f - 8*f + w = 0. Suppose -3*u - 233 = -m, 4*u = 3*u - f. Is m a prime number?
False
Let a = -11 + 14. Suppose -3186 = a*j + 366. Let v = -691 - j. Is v composite?
True
Let y be (-2 - 1984/6)/(16/24). Let n = y + 1508. Is n a prime number?
True
Is 163/815 + 11/(-5) - -314257 a composite number?
True
Let p(r) = 181*r**2 - 141*r + 1. Is p(14) composite?
False
Let r(i) = 4514*i + 9003. Is r(20) a prime number?
False
Suppose 11*f + 12873 = 4*f. Let x = f + 3470. Is x composite?
True
Let t = 2286 - 969. Is t a prime number?
False
Suppose 231648 = -2*u + 592306. Suppose 10*l = -9*l + u. Is l a prime number?
True
Let o = -101 + 105. Suppose -o*x - 3*x + 10906 = 0. Is (6/(-3))/4 - x/(-4) prime?
True
Suppose -5*z - 217 = 5*m + 18, 0 = z + 5. Let k = -41 - m. Is (k + 0)*146*1 a prime number?
False
Let v be (-22)/4 + (-3)/(-6) + 4. Is 125649/23*v/(-3) prime?
False
Suppose 7*k = -k + 144. Suppose k + 18 = 2*o. Is 3 + 1 + 17514/o prime?
True
Let a = 97887 + -21544. Is a prime?
True
Is ((-4)/12)/(1/(-381))*(3 + 380) prime?
False
Suppose 3*c + 4*p + 3623 = -1016, -4*c + 2*p = 6156. Let y = c - -3936. Is y a prime number?
False
Let a be (24/8 - -2)/1. Suppose -5*i + 25207 = 9*r - a*r, 5*i - 25183 = 4*r. Is i prime?
True
Let n be 8246/26 + (-80)/520. Let l = n + 336. Is l a prime number?
True
Let c = -168 + 160. Is -5 + (4 - c/(-2)) + 4507 prime?
False
Suppose -b = 2*c + 3*c - 64, 3*c - 40 = b. Suppose -9*k = -c*k + 6548. Is k a composite number?
False
Suppose 4*a = -3483 - 6909. Let k = a - -4417. Is k a composite number?
True
Let s(i) = -2*i**3 - 26*i**2 + 4*i + 23. Suppose -18 = -6*k - 120. Is s(k) composite?
False
Suppose 0*y + 5*y - 150 = 0. Let j = y - 26. Suppose -u + 182 = 5*b, -u = -3*u + j*b + 350. Is u a prime number?
False
Let r = 169902 + -89063. Is r composite?
True
Suppose 2*z = -5*p + 1086252, -3*z + 582558 = -3*p - 1046841. Is z composite?
False
Let q(a) = -3*a**3 - 24*a**2 + 4*a - 23. Let n be q(13). Let o = 28737 + n. Is o prime?
True
Suppose -x = -11*x + x. Suppose -4315 = -5*f + i + 4*i, x = i. Is f a composite number?
False
Suppose l = 47*b - 45*b + 41763, 5*l - 208824 = b. Is l a composite number?
True
Is 4 - (0 + (-30 - -20))/((-2)/(-6947)) composite?
False
Let k(t) = t - 10. Let b be k(-5). Let i = b + 20. Suppose 5*v = u + 29, -2*v = -v - u - i. Is v a composite number?
True
Let b be (-32)/(-16) - 1*-143. Suppose 6*n - b = 7*n. Let o = 356 + n. Is o composite?
False
Let z(o) = -o**2 - 8*o - 29*o + 7*o - 29. Let u be z(-29). Suppose a - 2*b - 345 - 216 = u, -5*b = a - 596. Is a a prime number?
True
Suppose 27 = 5*n - 2*n. Suppose 8*p - 49 = -n. Suppose l + 4*l - 3*k = 1197, -p*k = 20. Is l a composite number?
True
Let g be (4/(-2))/6 + (-82400)/(-60). Suppose 3*p + 2*p - 4*a = g, 6 = 2*a. Let t = p + 714. Is t a composite number?
False
Let m = 522 + 1748. Suppose -5*p - 3*o + 4568 = -p, 2*p = 2*o + m. Is p a prime number?
False
Suppose 288*c + 4*l + 100089 = 293*c, -3*l = 4*c - 80096. Is c composite?
False
Suppose 0*b - 3*b = -6. Suppose -3*a - 167 = 2*y, -17*y + 4*a = -19*y - 166. Is 1404/(-65)*y/b - -1 composite?
False
Let z = 1711409 + -1222164. Is z a prime number?
False
Let n be -2 + 63/28 + 69/12. Let w(p) = 346*p + 191. Is w(n) composite?
False
Let c be (6/15)/(8/(-247160)). Let z = 19353 + c. Is z a composite number?
True
Is ((-228405)/60)/(22/(-4136)) a prime number?
False
Suppose -4*g - 1104 = -24100. Let f = g - 3126. Suppose 2611 = 3*u - t, 3*u + 3*t = -2*t + f. Is u prime?
False
Suppose -46*w - 240*w + 56215289 = 13*w. Is w a composite number?
False
Let i be (-32)/(-3) + 2/(-3). Let o(w) be the third derivative of 127*w**4/12 + 29*w**3/6 + 757*w**2 + 2. Is o(i) prime?
False
Suppose -5*f + 12 = 4*y - 4*f, -y + 3 = 4*f. Suppose 14*z - 3*p + 983 = 16*z, 0 = -y*z - 3*p + 1482. Is z prime?
True
Let l(u) = 34*u**3 - 4*u**2 + 105*u - 14. Is l(19) a prime number?
True
Suppose 1 - 95 = -47*o. Is 1119 + (-1 + 1 - o) a composite number?
False
Let w be 68910/7 + 60/(-210). Suppose -2*j - 5*i + 345 = -3588, -w = -5*j - i. Is j prime?
False
Suppose p = -3*c - 4*p + 115, 5*c + 3*p = 165. Suppose 2796 = c*i - 28*i. Is (-5)/(-7) + 2/7 + i a prime number?
True
Let p = -123149 - -195736. Is p a prime number?
False
Let m be 208/(-6)*(4 + (-906)/(-12)). Let l = 5523 + m. Is l a prime number?
True
Let x = -125376 + 228574. Suppose 0 = 8*b - x + 13718. Is b a prime number?
False
Suppose -15 = j - 5*k - 63, -j + k = -68. Let m = j - 58. Is m/75 + 9474/5 prime?
False
Let k be -1 + 0 - (1 - 4). Let j(r) = 64*r**2 + r + 1. Let t be j(k). Suppose -3*w + 4*w - 2*x = t, 5*x = 4*w - 1033. Is w prime?
True
Suppose 4*r - 5*g - 45 = 0, 3*r + 2*g = 20 + 8. Suppose 4*c - 30 = -r. Suppose -193 = -c*m + 372. Is m composite?
False
Suppose 11 = -3*j + 17. Suppose -j*y = -5*t - 12227, -6*t - 6136 = -y - 11*t. Is y a prime number?
True
Let d(n) = -19 + 2819*n + 2695*n - 5913*n. Is d(-8) prime?
False
Suppose 13*m + 2 = 12*m. Let w be -1 - (2 + (m - 1)). Suppose -2*h - 5*v = -w*h - 603, 3*h - 4*v = 847. Is h a composite number?
True
Let s(n) = -n**3 - 19*n**2 - 62*n - 28. Let t be s(-15). Suppose 5*j + 3*r - 31618 = 0, -18994 = -3*j + 2*r + t*r. Is j a composite number?
True
Let g(t) = t**3 - 13*t**2 + 62*t + 33. Is g(25) prime?
False
Let d = 282655 + -199866. Is d a prime number?
False
Let p(a) = -34364*a + 579. Is p(-2) prime?
False
Let h(w) = -w**2 + 6*w - 10. Let b be h(6). Let q be (8/20)/((-1)/b). Suppose -d + 4*k + 1765 = 0, -d + 1767 = -q*k - k. Is d a composite number?
True
Is 1/(-2) - (169199639/(-546) + (-28)/546) prime?
False
Suppose -1972*c = -1979*c. Suppose c*y + 44761 = 17*y. Is y a composite number?
False
Let g be -4 + 7*(3 + -2). Let i be 1*6/g*1. Suppose i*l = 6*l - 3604. Is l prime?
False
Suppose -2*j = 2*m - 225 + 41, 0 = -m - 3*j + 96. Suppose 0*x + 5*x = m. Suppose 127 = p - x. Is p prime?
False
Let l(r) = -9*r**3 + 4*r**2 + 8*r + 26. Is l(-5) a composite number?
True
Let h = 1 - 1. Let x be (-150)/(-105) + 40/(-28). Suppose -4*s - 3*w + 2527 = h, -5*s - 3*w - w + 3159 = x. Is s a composite number?
False
Let m be 0*(-39)/104*(-4)/(-6). Suppose 60*u - 44*u - 1072 = m. Is u a prime number?
True
Let u(s) = 5206*s**2 + 5*s + 8. Is u(-1) a composite number?
False
Let j be (-15)/(-10)*1*2. Suppose 5*d + 22 = j*k, -3*d - 25 = -4*k - 3. Is (35 - (6 + -9))*94/k a composite number?
True
Let m be (-3)/(-4)*-96*18/(-27). Suppose -m*x + 12565 = -41*x. Is x prime?
False
Is ((-56)/84)/(3 - 5670055/1